 -c. Calculate the highest common divisor of 165 and g.
15
Suppose 2*z = -3*l + 16 + 27, -97 = -5*z - 4*l. Calculate the greatest common factor of 1088 and z.
17
Let m(w) = w + 4. Let g be m(-2). Let n be 4/8 - (-111)/g. Suppose -5*v - 8 = -6*v. What is the highest common factor of v and n?
8
Suppose -2*k = -3*j - 259, 0 = -4*k + 3*k - 2*j + 119. What is the highest common divisor of 5 and k?
5
Let p(r) = -r + 7. Let j be p(0). Suppose g - 43 = 34. What is the greatest common divisor of j and g?
7
Let q(z) = 13*z - 130. Let w be q(11). Calculate the greatest common divisor of 299 and w.
13
Suppose -13*b + 448 = -12*b + 2*g, 5*b - 2*g - 2180 = 0. Calculate the greatest common factor of 3 and b.
3
Let z(y) = -y**3 - 4*y**2 - 3*y - 13. Let v be z(-4). Let s(f) = -f + 7. Let c be s(v). What is the greatest common factor of c and 88?
8
Let v(j) = j**3 - 5*j**2 + 5*j - 1. Let y be v(4). Let f(w) = 0*w + 5*w - y*w + 4. Let g be f(8). What is the highest common factor of 20 and g?
20
Suppose -3 = -3*i + 3. Let w be (-3)/6*i*-8. Suppose w = 2*v + 4. Calculate the highest common factor of 3 and v.
1
Let k be (-7)/1 + 63 + 4 + -6. Suppose 4*m - 69 = 3. Calculate the highest common factor of m and k.
18
Suppose -2*g + 30 = 5*y - 0, 3*g - 11 = y. Suppose 0 = 9*v - g*v + 2*r - 12, 3*v - 20 = 4*r. Calculate the highest common factor of v and 20.
4
Suppose -r - 5*j = 3*r - 961, -j = -3*r + 697. What is the highest common divisor of r and 104?
26
Suppose 5*l - 5*b = 7*l - 167, 4*l - 376 = 4*b. Calculate the greatest common divisor of l and 637.
91
Let g(z) = -z**3 - 14*z**2 + z + 45. Let h be g(-14). Calculate the greatest common factor of h and 403.
31
Let f(i) = -2015*i**3 + i**2 + i + 1. Let t be f(-1). Calculate the greatest common divisor of t and 14.
14
Suppose -5*h + 2*h + 135 = 0. Suppose -2*a = -2, a - 13 + 0 = 2*u. Let x be u/27 + (-328)/(-18). What is the greatest common factor of h and x?
9
Let j be (0 - 3)*(-3)/9*10. Let v be ((-36)/15)/((-6)/200). Calculate the greatest common divisor of v and j.
10
Let s(b) = -8*b**2 + 3*b + 6. Let r be s(0). What is the highest common factor of r and 246?
6
Let p(r) = -5*r + 2. Let h be p(-2). Let t = -871 - -1003. What is the greatest common divisor of t and h?
12
Suppose -4 + 304 = -3*y. Let n = -77 - y. Calculate the highest common divisor of n and 92.
23
Suppose 4*j - 5*j = -2*h + 6, -4*h - 8 = 0. Let y be j*-14*(-3)/(-6). Let z = y + -28. What is the greatest common divisor of z and 6?
6
Let c(q) be the second derivative of 11*q**3/6 + 33*q**2/2 - 2*q - 27. Let p be c(12). Calculate the highest common factor of p and 15.
15
Suppose -5*l = 5, -4*l - 4 = 5*j - 10. Calculate the highest common divisor of 38 and j.
2
Let j(p) = 35*p + 55. Let s be j(-5). Let v = -112 - s. Calculate the highest common divisor of v and 136.
8
Let a(f) = 2*f**3 - 8*f**2 + 11*f + 2. Let w be a(3). Calculate the highest common factor of 34 and w.
17
Suppose 20*t - 1025 = 195. Calculate the highest common factor of t and 183.
61
Suppose 19*f = 114 + 608. Calculate the greatest common factor of 171 and f.
19
Suppose 5*c + r = 185, 3*r - 123 = 16*c - 19*c. What is the highest common factor of 918 and c?
18
Suppose -a - 3*c - 66 = -2*a, 0 = -2*a + 5*c + 130. Let w be 2/((-4)/(-5))*72/a. What is the greatest common factor of w and 1?
1
Suppose -46 - 296 = -6*t. What is the greatest common divisor of t and 247?
19
Let s = 397 + -383. Let t(i) = 4*i - 6. Let q(b) = 8*b - 12. Let v(k) = 3*q(k) - 5*t(k). Let z be v(5). What is the highest common divisor of z and s?
14
Suppose 932 = 4*t - w, -2*t = -2*w - 142 - 324. Let z = -114 + t. Let c = -24 - -41. What is the highest common divisor of c and z?
17
Suppose 5 = s - 0*s - 5*f, -3*f + 19 = -5*s. Let i = 17 + s. What is the highest common divisor of 9 and i?
3
Let y = 51 + -37. Suppose 0 = -4*h + 8, -2*g - 4*h + 8 = 3*g. Suppose -4*q + 16 = -g*q + 4*f, 5*q - y = -3*f. Calculate the highest common factor of 8 and q.
1
Let j(q) = q**2 + 27 - 15 - 18 + 5*q. Let n be j(3). What is the highest common factor of 27 and n?
9
Suppose 35 = 73*f - 68*f. Calculate the highest common divisor of f and 7.
7
Let s(v) = 6*v**2 - 2*v - 6. Let b be s(2). What is the greatest common divisor of b and 70?
14
Let h(k) = -3*k**3 - 134*k**2 - 91*k + 60. Let s be h(-44). Calculate the highest common factor of s and 36.
12
Let v = -20 + 35. Let r(h) = -h**2 + 3*h + 4. Let j be r(7). Let f = 34 + j. Calculate the greatest common divisor of v and f.
5
Suppose 3*z - 3*l - 70 = 161, 4*z + 5*l - 308 = 0. Calculate the highest common factor of 56 and z.
7
Let s = 31 - 31. Let l be 3 + s + 1 - -2. What is the greatest common divisor of 2 and l?
2
Let q = -58 - -72. Let s = -2 + 4. Suppose -2*l = 3*t - 65, -s*l + 0*l = -5*t - 41. Calculate the highest common factor of q and l.
14
Let i = -1993 + 2213. What is the greatest common factor of i and 30?
10
Suppose 4*n - 3*g + 396 = 0, n + g + 88 = -g. Let w = n - -145. What is the greatest common divisor of w and 245?
49
Suppose -5*f - 4*z - 23 = -97, 2*f = -4*z + 20. Let n be (-2)/(-9) - (-1256)/f. What is the greatest common factor of n and 175?
35
Let k(q) = 33 + 2*q + 8*q - 9*q + 3*q. Let y be k(8). Calculate the highest common factor of y and 13.
13
Suppose 3213*p = 3221*p - 5208. Calculate the highest common factor of 186 and p.
93
Let v be (7/35)/(1*(-1)/(-10)). What is the highest common divisor of 3 and v?
1
Let x be 317/7 - 4/14. Let j(g) = 31*g**2 + 2*g + 1. Let q be j(-1). What is the greatest common factor of q and x?
15
Let l(f) = 4*f**2 + 22*f - 39. Let g be l(13). Calculate the highest common factor of g and 13.
13
Let x(y) = 3*y - 6*y**2 + 2*y**3 + 0*y - 5*y - 6 - 4*y. Let z be x(5). Let m be 8 + -10 + 7 + 3. Calculate the greatest common divisor of m and z.
8
Let t be (-7 - 345/(-10))*36/10. Calculate the greatest common divisor of t and 11.
11
Let w(h) = 2*h**2 - 2*h - 9. Let p be w(12). Suppose 5*b = d + 5, -114 = -5*d - 5*b - 19. Calculate the highest common factor of p and d.
15
Suppose 2*n - 2 = 2*g, 5*g = -5*n - 0*g + 15. Let t be -3*39/(-9) + (-11 - 24/(-3)). Calculate the highest common factor of n and t.
2
Let a(d) = -d. Let v = 39 - 45. Let m be a(v). What is the greatest common factor of m and 60?
6
Let w be (-2)/(-3) + 154/21. Calculate the greatest common factor of w and 8.
8
Suppose 0 = m + m. Suppose -q + 9 = 2*i, -5*i + m + 17 = -3*q. Let f be 0 + 0 + 16*q. What is the greatest common divisor of f and 64?
16
Let c be 4*((-6)/(-8))/(-1). Let f(v) = 40*v**2 - 3*v - 3. Let x be f(c). Let i = 516 - x. What is the greatest common divisor of 15 and i?
15
Let u be (1/(-3))/(13/(-13533)). Let b be u/15 + (-6)/45. Let a be 255 + -1 - (3 + -2). What is the highest common divisor of b and a?
23
Let q = 6 + -2. Let k(h) = -2*h**3 + 26*h**2 + 29*h - 16. Let s be k(14). Let i be (4/q)/(s/(-64)). Calculate the highest common divisor of i and 4.
4
Let d be (-3 - -1)/((-33)/99). Suppose 5*r - d*r + 42 = 0. What is the highest common divisor of r and 98?
14
Let c = 844 - 420. Calculate the greatest common factor of c and 8.
8
Suppose 234 = 2*z + 40*x - 35*x, 4*x = 0. What is the highest common factor of z and 143?
13
Suppose -3 + 27 = 3*r. Let j be 0*4/r*-2. Suppose j = 3*b - 2*b - 11. Calculate the highest common factor of b and 121.
11
Let z = -362 - -607. Calculate the greatest common factor of 7 and z.
7
Let d = -11 + 22. Suppose -5*t - 4 = -x - d, 3*x - 27 = -t. Let i be 2/(-3) - 244/(-6). Calculate the greatest common divisor of i and x.
8
Let w(f) = 98*f + 1. Let n be w(1). Let b = 35 + -39. Let p be 1*(44/10)/(b/(-10)). Calculate the highest common divisor of n and p.
11
Suppose -2*v + 465 = 5*q, -2*v - 15*q + 495 = -16*q. What is the greatest common divisor of v and 49?
49
Suppose -142*n + 5*l + 8055 = -138*n, -3*n - 2*l + 6070 = 0. Calculate the highest common factor of n and 20.
20
Let i be ((-41)/4)/((-1)/(-4)). Let m = -38 - i. Suppose -74 = -4*g + o, o + m = 1. What is the greatest common factor of g and 54?
18
Let p = 60 - 56. Suppose -5*b = -4*j - 140, -p*j + 116 = 3*b - 0*b. Calculate the highest common factor of 4 and b.
4
Let b(q) be the second derivative of q**5/20 - 4*q**4/3 - 5*q**3/6 - 6*q**2 - 20*q. Let f be b(17). Calculate the greatest